 + 7*k + 1 - 4 + k**2 + 0*k**2. Give s(-6).
-7
Let g(z) be the second derivative of -3*z**5/20 + z**4/12 - z**3/6 + 6*z. Let d = -3 + 4. What is g(d)?
-3
Let f = -123 - -131. Let z(n) = n - 8. What is z(f)?
0
Let a(r) = -7*r + 6. Let v(p) = -20*p + 17. Let m(k) = 17*a(k) - 6*v(k). Let j be (0 - -12)*2/(-28)*-7. Give m(j).
6
Let u(s) = -3*s**3 - s**2 - 2*s + 1. Let q(v) = v - 1. Let j(k) = -q(k) - u(k). Suppose y - 15 = -2*y. Let d = y - 6. Give j(d).
-3
Let b(w) = -w**3 - 6*w**2 + 5. Suppose 3*d + 68 = 50. What is b(d)?
5
Let d(u) = 2*u - 6*u + 2*u + 3. Calculate d(5).
-7
Let x be 1/(-2)*11*-2. Let m = x - 15. Let t(b) = -4*b**3 - 3 + 0*b**2 - 5*b + 5*b**3 + 3*b**2. Determine t(m).
1
Let y(a) = -a - 9. Suppose 2*h + 0 = -g - 5, 0 = -4*h + 12. Calculate y(g).
2
Let m(b) = -2*b + 1. Let n be 1*5 - (-6)/(-3). Calculate m(n).
-5
Let l = -1 - -5. Let g(w) = -w**3 + w + 2 - l + 0*w. Suppose 4*t = 4, 9*t = 3*k + 4*t - 1. Determine g(k).
-8
Let w(j) = j + 6. Suppose 2*x = -5*r - 2*x + 34, 2*x = 3*r - 16. What is w(r)?
12
Let f(x) = -x**3 - 4*x**2 - 3*x - 2. Let w be (4/5)/(46/(-115)). Calculate f(w).
-4
Let n(l) = 2*l - 1. Suppose 0 = -5*b + 6 - 16. Let d be 3*b/(-6)*3. Calculate n(d).
5
Suppose 2*j = 1 - 5. Let v(r) be the third derivative of r**6/120 - r**4/8 - r**3/2 + 19*r**2. What is v(j)?
-5
Let n(m) be the third derivative of -m**5/60 + m**4/24 + m**3 - m**2. Let z(a) = -a**3 + 9*a. Let s be z(-3). Determine n(s).
6
Let m(i) = -7*i - 3. Let n(w) = -20*w - 10. Let x(j) = 17*m(j) - 6*n(j). Determine x(-7).
2
Let a(s) = -s**3 + 3*s**2 - 1. Suppose 0*c - 10 = -2*c. Let b = c + -2. Calculate a(b).
-1
Let m(k) be the first derivative of -2*k**3/3 + 3*k**2/2 + k + 2. Let s(h) be the first derivative of m(h). Let f be ((-4)/(-5))/((-2)/(-5)). What is s(f)?
-5
Let y(u) be the third derivative of 5*u**2 - 1/6*u**3 + 1/12*u**4 + 0*u + 0. Let m = -3 - -1. Determine y(m).
-5
Let y(j) be the second derivative of 0 - 3*j + 1/360*j**6 + 1/2*j**3 + 1/12*j**4 + 0*j**2 + 1/60*j**5. Let m(u) be the second derivative of y(u). Give m(-3).
5
Let a = 153 - 149. Let y(s) = -s + 2*s**2 - 1 - 3*s**2 + 5*s. Calculate y(a).
-1
Let k(r) be the first derivative of 3/2*r**2 + 1 + 7/24*r**4 + 0*r - 1/6*r**3. Let b(l) be the second derivative of k(l). Calculate b(1).
6
Let x(t) = -9*t**2 - 7*t. Let z(f) = -4*f**2 - 4*f. Let b(w) = -3*x(w) + 7*z(w). Give b(-6).
6
Let s(f) = -f**3 + 4*f**2 + 6*f - 6. Suppose -4*z - 5*a + 35 = 0, -2*z - 2*a + 0 = -16. Suppose -2*p - 4*v + 10 = 0, -7*v - 25 = -z*p - 3*v. Give s(p).
-1
Let m(j) = -j. Let v(w) = -w**3 + 12*w**2 - 12*w + 13. Suppose -23 = -3*l + 10. Let n be v(l). What is m(n)?
-2
Let v(a) be the second derivative of -a**3/6 - a**2 - a. What is v(0)?
-2
Let t be 2/13 - (-99)/117. Let q(o) = -12*o**3 - o**2 - o + 1. Give q(t).
-13
Let o(n) = 11*n + 5. Let t(p) = -9*p - 4. Let k(s) = 4*o(s) + 5*t(s). Let l = -6 + 8. What is k(l)?
-2
Let z = 1 + -6. Let w(c) = -c**2 - 4*c - 6. Give w(z).
-11
Suppose 8 = 2*q + 2*q. Let z(s) = 4 + 2*s + s - 12*s. Let n(j) = -8*j + 3. Let w(g) = -6*n(g) + 5*z(g). Calculate w(q).
8
Let g(k) = -k**3 - 2*k**2 + 3*k - 3. Suppose s = 3*s - 4. Calculate g(s).
-13
Let k(h) be the first derivative of h**3/3 - 3*h**2/2 + 5*h + 13. Determine k(5).
15
Let d be ((-1)/(-4))/((-2)/8). Let w(x) = -x + 1. Give w(d).
2
Let g(c) = -c + 5*c + 7 - 3*c - 2*c. Give g(3).
4
Let d(a) = 5*a**3 + 2*a - 1. Let y(n) = -11*n**3 - 4*n + 2. Let v(l) = -5*d(l) - 2*y(l). Calculate v(1).
-4
Let v be 3*-8*12/(-36). Let l(i) = i + 2. Calculate l(v).
10
Let z be (1 - 0) + 0 - 6. Let g(q) = 2*q**3 - 3*q**2 - 3*q - 4. Let j(w) = 3*w**3 - 7*w**2 - 7*w - 7. Let m(d) = -5*g(d) + 3*j(d). What is m(z)?
4
Let k(t) = -t**2 + 5*t - 6. Suppose 0 = -4*r - 4*p + 3 + 1, 0 = -4*p - 20. Let b = -1 + 2. Let j(m) = -m + 1. Let c(l) = b*k(l) + r*j(l). Calculate c(0).
0
Let r(l) = 4*l - 8. Let y(d) = -3*d + 5. Let q(h) = -5*r(h) - 7*y(h). Give q(-10).
-5
Let z = 18 - 22. Let n(u) = 2*u + 5*u - 2*u**2 - u**3 - 2*u. What is n(z)?
12
Let v(b) be the second derivative of b**4/6 + b**3/6 - b**2/2 - b. Let r(j) = -2 + j - 7*j**2 - 7 + 3 + j**3. Let p be r(7). Give v(p).
2
Let q(d) = d**2 + 4*d + 1. Let s be 2*8/6*(-18)/12. Determine q(s).
1
Let i = 17 - 36. Let f = -22 - i. Let q(l) = 4 + 5*l**2 - 1 + 5*l + 1 + l**3. What is q(f)?
7
Let i(f) be the first derivative of -f + 2/3*f**3 - 2*f**2 + 2. What is i(3)?
5
Let f(g) be the third derivative of -g**5/60 - g**4/4 - g**3/2 - g**2. Let i be f(-5). Let p(a) = a - 47*a**3 + 2*a**2 + 46*a**3 + 2*a - 3. What is p(i)?
3
Let o(g) = 5*g**2 + 2*g - 1. Let n be o(1). Suppose -4*p = -2*t + 16, -2*p = -n*p + 3*t - 14. Let l(f) = f**2 + 6*f. Determine l(p).
-5
Let p(z) be the third derivative of z**4/24 + 7*z**3/2 + z**2. Let n be p(-16). Let i(f) = -2*f + 6. What is i(n)?
-4
Let j = 9 + -5. Let l(b) be the first derivative of -b**5/60 + 5*b**4/24 + b**3/3 + b**2/2 - 2. Let y(z) be the second derivative of l(z). Determine y(j).
6
Let d(l) = l**2 + 7*l + 1. Suppose -17 = 5*s + 23. Let t = s + 14. Let b = 1 - t. Determine d(b).
-9
Let t be 2*2/(-6)*3. Let q be (-3)/(t*(-3)/(-2)). Let u(o) = 10*o - 1. What is u(q)?
9
Let d = 137 - 141. Let k(v) = -6*v + 3*v**2 - 2*v**3 + 3*v**3 - 3 + 0. Determine k(d).
5
Let w = 7 + -2. Suppose 0*y + w*y = -4*g + 3, -2*g - 1 = 5*y. Let f(x) = 5*x**3 - 2*x**2 - x - 4*x**3 - 3 + 4*x. Determine f(g).
3
Let q(s) = 5*s**2 + s - 9. Let o(m) = m**2 + m - 1. Let i(l) = 6*o(l) - q(l). Calculate i(-3).
-3
Let q be 6/8 + (-203)/(-28). Let w = q - 11. Let r(i) = i**2 + 7*i + 3. Calculate r(w).
-9
Let q be 2/11 + (-62)/(-22). Let b(s) = s + s + q + 0*s. What is b(-3)?
-3
Let p(a) = -a**2 - 8*a + 2. Suppose 3*n + 24 = -n. Let r(d) = d**2 + 6*d - 8. Let b be r(n). Let z be p(b). Let v(f) = f**2 - 3*f + 2. Determine v(z).
0
Let m(g) = g + 5. Let k(i) = i + 7. Let r = -18 + 11. Let p be k(r). Let u be (p/(-2))/(-1 - 1). Give m(u).
5
Let p(b) = -b**3 - 2*b**2 + 5*b + 3. Suppose -7 = 2*x - 4*h + 15, 10 = -2*x + h. Calculate p(x).
-3
Let k(b) be the third derivative of -b**4/24 - b**3/6 + b**2. Let o be 0 + 0 - 2/(0 + 2). Calculate k(o).
0
Suppose 4*v - 111 = 5*q, -74 = 5*v - 3*q - 203. Suppose 0 = -6*x + 7*x - v. Suppose -x = -5*f - 3*h, 0*h + 2*h - 3 = f. Let p(i) = -3*i + 2. Give p(f).
-7
Let g = 1 - 3. Let d(c) = c**2 + 3*c + 3. Let j be d(g). Let y(b) = b**2 + b + 1. Let r(l) = 6*l**2 + 5*l + 5. Let a(i) = r(i) - 5*y(i). Determine a(j).
1
Let w(s) = s**2 - s + 5. Suppose -3*f - 2*q + 4 = 0, -f + 6 = -0*f + 3*q. Calculate w(f).
5
Let y(i) = -2*i + 4. Let a(f) = 5*f - 12. Let o(m) = -3*a(m) - 8*y(m). Give o(-6).
-2
Let r(w) = 3*w - 41 + 45 - 7*w. Determine r(4).
-12
Suppose 2*c + 3*y - 19 = 0, -c - 23 = -4*y - y. Let g(i) = -11 - c*i - 2*i + 3*i. Suppose 0*t - 2*t = -0*t. Calculate g(t).
-11
Let y be 1/3*60/5. Let u(m) be the first derivative of m**4/12 - 5*m**3/6 - 3*m**2/2 - m + 1. Let t(k) be the first derivative of u(k). Determine t(y).
-7
Suppose 3*u = 3 + 15. Let i(t) = -u*t**3 - 6 + 6 + t - t**2 + 1. Determine i(-1).
5
Let u(l) = l**3 + 5*l**2 - 3. Let g(i) = 2*i**2 + 16*i - 5. Let f be g(-8). Give u(f).
-3
Let g(v) = -v**2 + 15*v + 15. Let r(y) = 3*y + 3. Let s(z) = -2*g(z) + 11*r(z). Suppose j = -1 - 1. Give s(j).
5
Let r(w) = 0 - 2 + 2*w - 2 + 5. Let q = 7 - 13. Give r(q).
-11
Let c(t) be the first derivative of -t**2/2 + 1. Calculate c(1).
-1
Suppose -2*n = 2*n + 3*c + 12, -5*n + 2*c - 15 = 0. Let q(k) be the first derivative of -k**4/4 - 2*k**3/3 + k**2/2 - 194. What is q(n)?
6
Suppose -2*f - 4 = -4*f. Let b(h) = -3*h - 2. Let q(l) = -l - 1. Let a(u) = 4*b(u) - 9*q(u). What is a(f)?
-5
Let g(c) be the second derivative of 2*c + 0 - 1/2*c**2 + 1/6*c**3. Suppose -4*n - 9 = 15. Determine g(n).
-7
Let w(q) be the second derivative of -q**3/6 + 2*q**2 - 3*q - 8. Calculate w(0).
4
Let y be (24/(-28))/((-2)/7). Let k(p) be the first derivative of y - 6*p + 3/2*p**2. What is k(4)?
6
Let h(b) be the first derivative of -b**3/3 - 5*b**2 - 7*b + 45. Calculate h(-9).
2
Let o(a) = a**3 - 5*a**2 - 6*a - 3. Suppose 0 = 6*v + 145 - 181. Give o(v).
-3
Let x(h) be the second derivative of 11*h**3/6 - 7*h. Calculate x(1).
11
Let x be (4 + (-104)/20)/(6/20). Let d(g) = -2*g**2 - 5*g. What is d(x)?
-12
Suppose -3*m = -0*m